 -6*v - 117 = -i*v. What is the remainder when v is divided by 10?
9
Let x = -7 - -4. Let g = 3 - x. What is the remainder when 22 is divided by g?
4
Calculate the remainder when (-98 + 12/3)/(-2) is divided by 25.
22
Calculate the remainder when 19 is divided by (-6)/(-1 + 4/12*-3).
1
Let i = 31 - 92. Let r = 86 + i. Calculate the remainder when r is divided by 14.
11
Suppose 5*l = 894 + 321. What is the remainder when l is divided by 41?
38
Let w(d) = d**3 + 11*d**2 - 13*d + 8. Let n be w(-12). Suppose -n - 97 = -3*x. What is the remainder when x is divided by 20?
19
Let l(s) = -2*s - 7. Let q be l(9). Let j = 16 + q. What is the remainder when -16*(-2 + j/(-6)) is divided by 3?
2
Calculate the remainder when 0/(-2 + -1) + 3 is divided by 2.
1
Suppose 0 = 23*o - 16*o - 21. Suppose -4*j - 2 + 62 = 0. Calculate the remainder when j is divided by o.
0
Suppose -176 + 26 = 2*c. Let f = c + 140. Suppose -120*a + 132 = -114*a. What is the remainder when f is divided by a?
21
Let g(q) = q**2 - 8*q + 14. What is the remainder when 27 is divided by g(8)?
13
Let p = -28 - -76. Calculate the remainder when p is divided by 17.
14
Suppose 14*u + 48 = 16*u. What is the remainder when 44 is divided by u?
20
Let l(z) = -23*z + 1. Calculate the remainder when l(-1) is divided by 5*(2 - 9/(-15)).
11
Let l = -2 - -4. Suppose -2*j = 2*k - 22, -4*j - 5*k + 76 = 32. What is the remainder when l/(-10) - 780/(-25) is divided by j?
9
Suppose -5*i = 3*j - 82, -8*j - i = -3*j - 144. Calculate the remainder when j is divided by 10.
9
Suppose 0 = -18*t + 22*t - 228. Calculate the remainder when 225 is divided by t.
54
Let a(r) = 4*r**3 - 4*r**2 + 5*r - 5. Calculate the remainder when 37 is divided by a(2).
16
Suppose 0 = 2*t + 3*t + 4*i - 56, 5*t - 5*i = 20. Let s = 11 - t. Calculate the remainder when 7 is divided by s.
1
Suppose 0*i = -4*t - 3*i + 1, t - 2*i = 14. Suppose 0 = -y + 3 - t. What is the remainder when y/(((-6)/3)/4) is divided by 2?
0
Let d = 187 - 173. What is the remainder when 264 is divided by d?
12
Suppose 0 = -3*n + 4*d + 1, 3*n - 4*d + d - 6 = 0. Let z(v) = v**3 - 3*v**2 - 6*v - 1. What is the remainder when z(5) is divided by n?
5
Let p be -431 + (-4 - -7 - -1). Calculate the remainder when p/(-4) - (-2)/8 is divided by 27.
26
Suppose -18*n + 74 = -88. Let z(m) = -m. Let o be z(-2). Suppose 0 = -4*i + o*i + 48. Calculate the remainder when i is divided by n.
6
Suppose 0*c + 4*c = 32. Let p be (-5)/20 + 19/(-4). Let d = 8 + p. What is the remainder when c is divided by d?
2
Suppose -3*t = -68 - 1. What is the remainder when 68 is divided by t?
22
Let p(c) = 36*c**3 + 1. Let r be p(1). What is the remainder when -1 + 1 + (r - 2) is divided by 12?
11
Let f = 2 - -6. What is the remainder when 29 is divided by f?
5
Let d(g) = g**3 + 5*g**2 + 3*g + 2. Let n = 4 - 8. Suppose t + 6 - 17 = -v, 0 = 4*t + 3*v - 44. What is the remainder when t is divided by d(n)?
5
Suppose c + 0 = 12. Let b(g) = g**3 - 11*g**2 - 11*g - 3. Suppose 5*n - 63 = 22. Calculate the remainder when n is divided by b(c).
8
Suppose 8*q - 226 = -26. What is the remainder when q is divided by 7?
4
Let h = 0 + 11. Calculate the remainder when h is divided by 0 - (3/(-2))/(12/24).
2
Let l = 25 - 21. Calculate the remainder when 8 is divided by (l/((-12)/(-15)))/1.
3
Suppose w - 3*w = -28. Calculate the remainder when 27 is divided by w.
13
Let u(y) = 2*y**2 + 2*y + 3. Suppose -5*a + 52 = -4*a. What is the remainder when a is divided by u(-4)?
25
Calculate the remainder when (-14459)/(-133) + 1/((-7)/(-2)) is divided by 10.
9
Suppose 0 = 4*w - 1 - 7. Suppose -5*f - w*t = -74, t - 12 = -f + 4. What is the remainder when 26 is divided by f?
12
Suppose a - 4*b + 12 + 1 = 0, -3 = 3*a - 3*b. Let v(o) = -o**2 - 6*o + 4. What is the remainder when v(-5) is divided by a?
0
What is the remainder when 133 is divided by (12 + -11)/(2/68)?
31
Let a = 12 + 31. What is the remainder when a is divided by 15?
13
Let f = -67 + 121. Let t = 120 - f. Calculate the remainder when t is divided by 17.
15
Suppose -4*h - 11 = -5*b + 25, -b - 4*h = 12. Let v(q) = -q**3 + 7*q**2 - 6*q + 7. Calculate the remainder when v(b) is divided by 11.
9
Let a(n) = -n**3 + 4*n**2 - 2*n - 2. Let l be a(4). Let h = 17 + l. What is the remainder when 13 is divided by h?
6
Suppose 9*p - 58 = 4*p - 2*b, 4*b = -4*p + 56. What is the remainder when 37 is divided by p?
7
Calculate the remainder when 109 is divided by (2/(-6) - 8/12)*-10.
9
Let p(b) = -b**2 - b + 2. Suppose -2*c - c = -21. Suppose 3*k - 5 - c = 0. Calculate the remainder when k is divided by p(0).
0
Let v = 14 - 13. Calculate the remainder when 29 is divided by 18 + v + (-10 - -8).
12
Calculate the remainder when 76 + (-3)/2*2 is divided by 15.
13
Let j = 3 - -3. Let n(x) = -x**2 + 10*x - 8. Calculate the remainder when 4/18 - (-824)/18 is divided by n(j).
14
Let v(c) = c**3 + c**2 - c - 8. Let p be v(0). Let y = -1 + 17. What is the remainder when (y/6)/(p/(-36)) is divided by 5?
2
Suppose -5*g - 2*s + 57 = 0, -g + 6*g + s - 61 = 0. Suppose i = -4, 4*i + 172 = 3*h + 3*i. Suppose 2*u - h = -8. What is the remainder when u is divided by g?
11
What is the remainder when (-11)/33*101/1*-3 is divided by 26?
23
Let j = -5 + 12. Suppose -4*v + j*v = 0. Suppose -93 = -2*o + l, v = 5*o - 2*l + 5*l - 227. What is the remainder when o is divided by 16?
14
Let w(i) = 16*i**3 + i. Suppose -7*c - 2*c = -297. Calculate the remainder when c is divided by w(1).
16
Suppose 11 + 23 = n - 5*v, 5*n = v + 218. Suppose n = -0*z + 4*z. Calculate the remainder when 32 is divided by z.
10
What is the remainder when 101 is divided by 4/(6 + 385/(-65))?
49
Let y(r) = r**3 - 23*r**2 + r + 40. What is the remainder when y(23) is divided by 6?
3
Suppose -4*j + 0*j - 2*x + 12 = 0, 0 = -j + x. What is the remainder when 3 is divided by j/(-12) - (-13)/6?
1
Calculate the remainder when 69 is divided by (2 - 30)/4*12/(-7).
9
Let x(q) = 6*q + 3. Let c be x(-2). Let p = 34 + c. Calculate the remainder when p is divided by 9.
7
Let x(o) = o**3 + 6*o**2 - o + 2. Let n = 8 + -8. Suppose -3*s - 2 + 11 = n. Calculate the remainder when x(-6) is divided by s.
2
Let j(s) = 8*s + 6. Let a be j(-4). Let w = -12 - a. What is the remainder when 41 is divided by w?
13
Suppose -d = 4 - 1. What is the remainder when 4 is divided by (d/2)/(24/(-16))?
0
Suppose -2*k = -6 - 2. Suppose -3*u + 2 = -7*g + 2*g, 2*u - k*g = -2. Calculate the remainder when u is divided by 2.
1
Suppose 4*b = -2*p + 18 + 2, 4*b - 40 = 3*p. What is the remainder when 20 is divided by b?
6
Suppose 0 = -16*a + a + 570. Calculate the remainder when a is divided by 14.
10
Let y = 149 - 211. Let s = y - -87. What is the remainder when s is divided by 9?
7
Suppose 4*i - 2*i = 10. Suppose -5*q + 75 = 5*s, i*s + 0 + 5 = -q. What is the remainder when 59 is divided by q?
19
Calculate the remainder when (-1)/((-6)/(461 - -1)) is divided by -1 + 1 + (26 - 0).
25
Calculate the remainder when 87 is divided by (-1)/(3/9*(-9)/132).
43
Let m = 1 - -2. Suppose 17 - 5 = m*k. What is the remainder when k is divided by 3?
1
Suppose -5*l - 25 = 0, 4*l + 1 = 5*y - 9. Let j = -15 + 27. What is the remainder when 15*2*(-3)/y is divided by j?
9
Let d = -15 - -34. Calculate the remainder when d is divided by 10.
9
Suppose -s + 29 = 4*g, g - 2*g + 20 = -4*s. Calculate the remainder when (8 + 6)/(2/2) is divided by g.
6
Let u(v) = -6*v + 2. Let x(z) = -z + 1. Let y(k) = u(k) - 4*x(k). What is the remainder when 81 is divided by y(-15)?
25
Let q = 86 - 50. Let y(s) = s**3 - 6*s**2 + 4*s - 5. Let o be y(6). Suppose x + o = 2*x. What is the remainder when q is divided by x?
17
Suppose 2*w - 16 = -3*t, 4*t - 11 - 14 = -3*w. Suppose 2*n - y = -3*n + 152, 5*y = 4*n - 109. Calculate the remainder when n is divided by w.
9
Let r = 122 + -61. Suppose -3*j - 13 = -r. Calculate the remainder when 30 is divided by j.
14
Suppose -2*w + 0*c = -4*c - 64, -4*c + 104 = 5*w. Suppose w*l = 19*l + 65. Calculate the remainder when 23 is divided by l.
10
Suppose 304 = -4*q - 0*q. Let k = 118 + q. What is the remainder when k is divided by 22?
20
Suppose 0 = 4*y - 48 - 24. What is the remainder when 34 is divided by y?
16
Let p be 16 + -2 + (-4)/4. Let r = 27 - p. Calculate the remainder whe